*y**2 - 3*y + 1. Suppose 2*q + 3*q - 60 = 0. Suppose 0 = 3*p + p - q. Let r be c(p). Let j(f) = 9*f**2 + f - 1. What is j(r)?
9
Let w(o) = 1 + 6*o**2 - o**3 + 2 + 6*o - 4*o - o**2. Determine w(5).
13
Suppose -3*r - 2*r = 35. Let l(n) = -n**3 - 6*n**2 + 6*n + 1. What is l(r)?
8
Let i(j) = j**2 + 5*j + 3. Suppose 0 = z - 7 + 1. Let h = -11 + z. Determine i(h).
3
Suppose 0 = -4*r - 2 + 6. Let g(s) = -5*s - r + 3 + 8*s. Calculate g(-4).
-10
Let g(b) be the second derivative of b**3/2 + 21*b. Give g(1).
3
Let b(w) be the first derivative of 2*w + 6 + 1/2*w**2 + 2/3*w**3 + 1/4*w**4. Calculate b(-2).
0
Let l(y) = 7*y**2 - 7*y + 5. Suppose -3*n - 2*n = -20. Let i(g) = g**2 - g + 1. Let k(q) = n*i(q) - l(q). Determine k(2).
-7
Suppose -3*l = 4*n - 20, -3*l + 0*n - n = -14. Let x(y) = y**3 - 5*y**2 + 3*y - 3. Calculate x(l).
-7
Suppose -4*o - 2*g = 47 + 35, 4*o = 2*g - 94. Let h = 13 + o. Let a = 6 + h. Let y(f) = -f**3 - 2*f**2 + 2*f + 1. Give y(a).
4
Let j(q) = 4*q**3 + 1 - 1 - 5 - 6*q**2 + 3*q + 4*q. Let h(a) = -2*a**3 + 3*a**2 - 3*a + 2. Let p(m) = 7*h(m) + 3*j(m). What is p(2)?
-5
Let v(y) = y**2 - 5*y + 4. Let m(s) = 3*s + 9. Let g be m(-7). Let x be (2 - 0)/(g/(-18)). What is v(x)?
-2
Let c(s) = -3*s + 2. Let m(f) = -4*f + 2. Let o(w) = 5*c(w) - 4*m(w). Give o(3).
5
Let k be 2/(-4) + 2/(-4). Let m(y) = -2 + 2 - 1. Let z(w) = 10*w - 5. Let u(g) = 6*m(g) - z(g). Give u(k).
9
Let y(i) = -6*i + 3. Let c(o) = o**2 - 31*o + 32. Let f be c(30). Give y(f).
-9
Let h(w) = -w**2 - 5*w - 3. Let s be h(-3). Suppose 5*g = s*g + 20. Suppose 0*u = 5*u - g, 0 = 3*j - 4*u - 7. Let b(c) = -2*c + 6. What is b(j)?
-4
Let h(u) be the first derivative of u**2/2 - 3*u - 25. Calculate h(6).
3
Let d(b) = -b**2 + 2*b + 2. Let f = 168 - 165. Calculate d(f).
-1
Let g(k) = k**3. Let l(z) = -4*z**3 - z**2 + 1. Let a(c) = 6*g(c) + l(c). Determine a(2).
13
Let b be (2/4)/(3/6). Let y = 6 - 3. Let m(n) = -3*n**2 + 2*n**2 - 2*n**3 + 0*n**2 + 3*n**y. Determine m(b).
0
Suppose -2*y = 3*y + 45. Let p(c) = -c**2 - 9*c + 3. Let v be p(y). Let i(d) = -6*d - 6 + 7*d**2 + d**3 - v*d**2 + 0*d**3. Calculate i(-5).
-1
Suppose 4*h = -17*h + 8*h. Let n(b) be the second derivative of h + 2*b**2 + b**3 - 1/20*b**5 + 2*b - 1/3*b**4. What is n(-5)?
-1
Let h(c) = 6 - c**2 - 11*c + 4*c**2 - 4*c**2. Let z be h(-12). Let v(f) = -f**2 - 6*f + 3. What is v(z)?
3
Let m(q) be the second derivative of q**5/20 - q**4/3 + q**3/2 + 2*q**2 - q. Let z be m(3). Let h(j) = 5 + 0 - 3 - z*j + 4*j**2. Give h(2).
10
Let u(r) = -r**2 + 7*r - 6. Let o = -4 - -9. Let d(s) = 2*s**2 + 15*s + 16. Let m be d(-7). Let c = m - o. Calculate u(c).
6
Suppose 0 = 2*b - 8 - 0. Let u(v) = -v + 4. Determine u(b).
0
Suppose 97 - 33 = -2*r. Let k be 1/(r/(-10) + -3). Suppose -u - 2*u = -5*h - 19, -k*u = 5*h + 35. Let n(q) = q**3 + 4*q**2 - 5*q + 2. Calculate n(h).
2
Let q(o) = -o**3 - 7*o**2 + o + 9. Let f(p) = -p + 1. Let j(l) = f(l) + q(l). Calculate j(-7).
10
Let v = 1 + 0. Let i = v - -2. Let y(c) = -c + c**i - 2 + 5*c + 0*c - 6*c**2 + 0*c. Give y(5).
-7
Let b be (-1 + 5/2)*4. Let g = -10 + b. Let p(m) = m**2 + 6*m + 3. Calculate p(g).
-5
Suppose -11 = -4*k - 3. Suppose -7 + k = -q. Let n(f) = 0 + 0*f + 4*f**3 - f - q*f**3 + 1. Give n(0).
1
Let v(j) = j - 9*j + 34 - 35. Give v(-1).
7
Let d(t) = -t + 1. Suppose -5*z + 21 = -4*z - 4*x, z = -x + 1. Suppose -z*w + 2*w = 3. Let s(f) = 6*f + 5. Let b(v) = w*s(v) - d(v). Calculate b(-4).
14
Suppose 15 = 5*b - 10. Let w = -12 + 27. Let m(g) = -g - w + 2*g + 8 + g. Determine m(b).
3
Suppose -18 = -7*s + 17. Let l(o) = -5*o**2 + 1 - 2 + 0 + o**3. Calculate l(s).
-1
Let z(v) = 0 + 6 + v - 2. Suppose 11*h - 9*h - 6 = 0. Give z(h).
7
Let d(w) = -w**2 + 1. Let q(t) = t**3 + 5*t**2 - 3. Let k(g) = -g**3 + g**2 - g. Let y be k(2). Let m = 1 + y. Let b be q(m). What is d(b)?
-8
Let w be 2*(1/(-2))/(-1). Let h(a) = a**2 - 2*a + 1. Let q be h(w). Let o(c) = -c**3 - 3*c + 2 + 5*c**2 - c + q*c. What is o(4)?
2
Let p(j) be the first derivative of j**5/120 + 2*j**3/3 - 5. Let q(c) be the third derivative of p(c). Calculate q(-1).
-1
Let l(o) = 41*o - 18*o - 22*o - 11*o**2 - 1. Let z(x) = 2*x**2 + x. Let g be z(-1). What is l(g)?
-11
Suppose 0*c - 6 = -c + 5*i, -5*c + 1 = 4*i. Suppose 3*u + 3*t = 0, t + c + 1 = -3*u. Let s(m) = -3*m**2 + 3*m**2 + 4*m**3. Give s(u).
-4
Let q(z) = -2*z + 0*z + 3 - 9 - 5. Let j(r) = -2*r - 12. Let s(t) = 3*j(t) - 4*q(t). Calculate s(-6).
-4
Let w(m) = -m**3 + 4*m**2 + 2*m + 7. Let k = 25 - 13. Suppose 2*b - k = -2. Calculate w(b).
-8
Let j be 6/5*5/(-2). Let v(h) = -h**3 - 2*h**2 + 3*h - 1. What is v(j)?
-1
Let z(t) = t - 1. Suppose 0 = -2*x + 3*v + 8, -v + 1 = -5*x - 4*v. Give z(x).
0
Suppose 0*a + 3*a + l + 19 = 0, 3*l + 2 = 2*a. Let m be (-2)/7 + a/7. Let h(z) = 8*z - z + 4*z - 17*z. Give h(m).
6
Let y = 6 - 8. Let l be -2*((-1)/(-2) + -3). Let o(p) = 5*p + 0 - p - 2 + l. What is o(y)?
-5
Let h(c) = -5*c**2. Let g be (15 - 12) + 0/(-2). Suppose 0*u = -3*u - g. Calculate h(u).
-5
Let i(z) = -1 - 3*z - 4*z + 3*z + 12*z**2 + 3*z. Calculate i(-1).
12
Let m(v) = v**2 - 2*v - 2*v**2 - 3*v**2 + 6 + v**3. Determine m(4).
-2
Let y be (-4)/3*(-18)/12. Let x(j) = -j - 2*j**y + 2 - 10 + 3*j**2. Determine x(0).
-8
Let y be (-3)/(-1 + -2) + -2. Let t be (-2)/(-2) + y*1. Let c(x) = -5*x**2 + 0 + t*x + x + 1 + x**3. Calculate c(5).
6
Let w(y) = -5*y**2 + 12*y - 15. Let p(t) = t**2 - t + 1. Let l(x) = 4*p(x) + w(x). Determine l(8).
-11
Let x be (-1)/(2/4) - 3. Let n = x + 4. Let u(y) = 4*y**3 - y**2 + y + 1. What is u(n)?
-5
Let o(f) = f + 3. Let g = -2 + -4. Let b(y) = -3*y - 2. Let q be b(-2). Let l = g + q. Calculate o(l).
1
Let k(p) be the third derivative of -1/2*p**3 + 1/120*p**6 + 0 + 0*p + 0*p**4 - 2*p**2 + 1/30*p**5. Calculate k(-3).
-12
Let s(t) = 2*t**2 - 15. Let g(u) = -2 - 4 - 2 + u**2. Let d(n) = -5*g(n) + 2*s(n). What is d(0)?
10
Let c(f) = -2*f + 3*f + 4 + 0*f. Let z = 6 - 3. Give c(z).
7
Let p(t) be the second derivative of -t**4/12 + t**3/3 + t**2/2 - 3*t. Determine p(3).
-2
Suppose 0 = 3*a + 2*z - 79, -3*z - 39 = 2*a - 95. Let x be (-1 + 2)/((-5)/a). Let p = 4 + x. Let j(w) = -5*w. What is j(p)?
5
Let r be 1*5/1 - 1. Let j(g) = g**2 - 15*g + 19. Let b be j(14). Suppose 0 = 5*a + 3*z - 16 - 5, -a - b = -r*z. Let i(x) = x**2 - 3*x - 3. Calculate i(a).
-3
Let f(q) = -q + 6. Let r(g) = 2*g - 17. Let t(v) = 11*f(v) + 4*r(v). Let x(w) = -w - 9. Let n = -4 - 3. Let s be x(n). Give t(s).
4
Let s(c) be the third derivative of c**4/12 + c**3/6 - 29*c**2. Let y be (0 - -4)*(-2)/4. What is s(y)?
-3
Let g(k) = -29*k - 2 + 3*k**2 - 4*k**2 + 12*k + 12*k. Suppose 2*p = 9 - 1. Suppose p*a + a = -25. Give g(a).
-2
Suppose -h = 2 + 1. Let x(w) = w**2 + 16 - 7 + 3*w - 9. Give x(h).
0
Suppose 0 = -5*f - 5*i + 85, f = -f - 5*i + 19. Let o(j) = -f*j + 2 - 3 + 21*j. Determine o(2).
-3
Let b(d) = -d**3 + 4*d**2 + 6*d - 9. Let c be b(5). Let g(t) = -t + 3. Determine g(c).
7
Let x(j) = 13*j + j**2 + 0*j - 6 - 3*j - 13*j. Let i be 4/(0 + 1) - -1. What is x(i)?
4
Let p(z) = -z**2 + 3*z + 7. Let q(t) = -t**3 + 4*t**2 + 2*t - 3. Let b be -3*((-8)/(-12) - 2). Let d be q(b). What is p(d)?
-3
Let x(r) = -19*r**3 + 17*r**2 - 5*r + 9. Let o(q) = -5*q**3 + 4*q**2 - q + 2. Let g(b) = 9*o(b) - 2*x(b). Let d = 3 + -4. Give g(d).
8
Let f(r) = 7*r**2 + 2*r - 1. Let d be f(1). Let g(o) = -o**3 + 7*o**2 + 7*o. Give g(d).
-8
Let b(i) be the first derivative of i**4/4 - 4*i**3/3 - 2*i**2 + 2*i + 1. Give b(5).
7
Let l(a) = -a**2 - 5*a. Suppose -2*j + 3*j = -5. Suppose 9 = -5*f - 11, 2*f = 5*r - 13. Let t = j + r. Calculate l(t).
4
Let n(b) = b**2 + b - 8. Let l be n(0). Let g be ((-10)/(-4) - 3)*8. Let q = g - l. Let m(h) = -h**2 + 2*h + 5. What is m(q)?
-3
Let x(l) = -7*l**2 + l - 1. Let b = 8 + -7. Give x(b).
-7
Let k = 10 - 10. Let y(f) = 4*f - f - f**3 + 0*f + k*f**3 - 3. Give y(2).
-5
Let h be ((-2)/4)/((-4 - -5)/(-12)). Let q(w) = 5*w - w + 2 - w**2 + 0*w**2. What is q(h)?
-10
Let n be (3/(-6))/((-2)/4). Let p(u) = -20*u**2 + 0*u + 19*u**2 + u - 1. Calculate p(n).
-1
Let o = 956 - 953. Let m(j) = -j**3 + 3*j**2 + 0*j - 3*j + 2 + 0*j. Determine m(o).
-7
Let h be 0*((-24)/9 + 3). Let v(n) be the second derivative of h - 1/2*n**3 + n + 0*n**2 + 1/4*n**4. What is v(2)?
6
Suppose -12 - 8 = 4*h. Let k(b) = -7*